{"id":749,"date":"2025-09-05T22:50:16","date_gmt":"2025-09-06T01:50:16","guid":{"rendered":"https:\/\/regionalesrenacer.com\/shop\/?post_type=product&#038;p=749"},"modified":"2026-04-06T14:27:57","modified_gmt":"2026-04-06T17:27:57","slug":"mate-de-algarrobo-forrado-en-aluminio-guarda-pampa","status":"publish","type":"product","link":"https:\/\/regionalesrenacer.com\/shop\/producto\/mate-de-algarrobo-forrado-en-aluminio-guarda-pampa\/","title":{"rendered":"Mate de algarrobo forrado en aluminio &#8211; Guarda Pampa"},"content":{"rendered":"<p data-start=\"130\" data-end=\"265\"><strong data-start=\"130\" data-end=\"162\">Interior de algarrobo macizo<\/strong> \ud83e\udeb5<br data-start=\"165\" data-end=\"168\" \/>Torneado artesanal que mantiene el sabor aut\u00e9ntico de la yerba y ofrece un tacto c\u00e1lido y c\u00f3modo.<\/p>\n<p data-start=\"267\" data-end=\"433\"><strong data-start=\"267\" data-end=\"306\">Forrado exterior en aluminio pulido<\/strong> \u2728\ud83d\udee1\ufe0f<br data-start=\"311\" data-end=\"314\" \/>Cuerpo met\u00e1lico resistente a golpes, f\u00e1cil de limpiar y con brillo duradero. Madera + metal: confort y larga vida \u00fatil.<\/p>\n<p data-start=\"435\" data-end=\"588\"><strong data-start=\"435\" data-end=\"461\">Grabado \u201cGuarda Pampa\u201d<\/strong> \ud83e\udded<br data-start=\"464\" data-end=\"467\" \/>Dise\u00f1o geom\u00e9trico tradicional argentino que realza la est\u00e9tica criolla y convierte a la pieza en un regalo con identidad.<\/p>\n<p data-start=\"590\" data-end=\"728\"><strong data-start=\"590\" data-end=\"619\">Boca ancha y base estable<\/strong> \ud83e\uddc9<br data-start=\"622\" data-end=\"625\" \/>Facilita acomodar la yerba y lograr un flujo parejo; apoyo firme para rondas largas sin complicaciones.<\/p>\n<p data-start=\"730\" data-end=\"860\"><strong data-start=\"730\" data-end=\"753\">Artesan\u00eda cotidiana<\/strong> \ud83e\udd32<br data-start=\"756\" data-end=\"759\" \/>Encastres prolijos y materiales nobles. Mantenimiento simple: enjuagar y secar al aire tras cada uso.<\/p>\n","protected":false},"excerpt":{"rendered":"<p>Tradici\u00f3n que se luce: <strong data-start=\"916\" data-end=\"937\">mate de algarrobo<\/strong> \ud83e\udeb5 <strong data-start=\"941\" data-end=\"964\">forrado en aluminio<\/strong> \u2728 con <strong data-start=\"971\" data-end=\"998\">grabado de Guarda Pampa<\/strong> \ud83c\udde6\ud83c\uddf7. Estable, resistente y listo para cebadas c\u00f3modas todos los d\u00edas. \ud83e\uddc9<\/p>\n","protected":false},"featured_media":743,"comment_status":"open","ping_status":"closed","template":"","meta":{"site-sidebar-layout":"default","site-content-layout":"","ast-site-content-layout":"default","site-content-style":"default","site-sidebar-style":"default","ast-global-header-display":"","ast-banner-title-visibility":"","ast-main-header-display":"","ast-hfb-above-header-display":"","ast-hfb-below-header-display":"","ast-hfb-mobile-header-display":"","site-post-title":"","ast-breadcrumbs-content":"","ast-featured-img":"","footer-sml-layout":"","ast-disable-related-posts":"","theme-transparent-header-meta":"default","adv-header-id-meta":"","stick-header-meta":"","header-above-stick-meta":"","header-main-stick-meta":"","header-below-stick-meta":"","astra-migrate-meta-layouts":"set","ast-page-background-enabled":"default","ast-page-background-meta":{"desktop":{"background-color":"var(--ast-global-color-5)","background-image":"","background-repeat":"repeat","background-position":"center center","background-size":"auto","background-attachment":"scroll","background-type":"","background-media":"","overlay-type":"","overlay-color":"","overlay-opacity":"","overlay-gradient":""},"tablet":{"background-color":"","background-image":"","background-repeat":"repeat","background-position":"center center","background-size":"auto","background-attachment":"scroll","background-type":"","background-media":"","overlay-type":"","overlay-color":"","overlay-opacity":"","overlay-gradient":""},"mobile":{"background-color":"","background-image":"","background-repeat":"repeat","background-position":"center center","background-size":"auto","background-attachment":"scroll","background-type":"","background-media":"","overlay-type":"","overlay-color":"","overlay-opacity":"","overlay-gradient":""}},"ast-content-background-meta":{"desktop":{"background-color":"var(--ast-global-color-4)","background-image":"","background-repeat":"repeat","background-position":"center center","background-size":"auto","background-attachment":"scroll","background-type":"","background-media":"","overlay-type":"","overlay-color":"","overlay-opacity":"","overlay-gradient":""},"tablet":{"background-color":"var(--ast-global-color-4)","background-image":"","background-repeat":"repeat","background-position":"center center","background-size":"auto","background-attachment":"scroll","background-type":"","background-media":"","overlay-type":"","overlay-color":"","overlay-opacity":"","overlay-gradient":""},"mobile":{"background-color":"var(--ast-global-color-4)","background-image":"","background-repeat":"repeat","background-position":"center center","background-size":"auto","background-attachment":"scroll","background-type":"","background-media":"","overlay-type":"","overlay-color":"","overlay-opacity":"","overlay-gradient":""}}},"product_brand":[],"product_cat":[70,72,76],"product_tag":[315,310,199,196,197,198,313,202,316,209,154,266],"class_list":{"0":"post-749","1":"product","2":"type-product","3":"status-publish","4":"has-post-thumbnail","6":"product_cat-cat-mates","7":"product_cat-cat-mates-de-alpaca","8":"product_cat-mates-madera-aluminio","9":"product_tag-guarda-pampa","10":"product_tag-mate-algarrobo-aluminio","11":"product_tag-mate-argentino","12":"product_tag-mate-artesanal","13":"product_tag-mate-boca-ancha","14":"product_tag-mate-criollo","15":"product_tag-mate-de-madera-y-metal","16":"product_tag-mate-elegante","17":"product_tag-mate-grabado","18":"product_tag-mate-resistente","19":"product_tag-plateria-criolla","20":"product_tag-regalo-matero","21":"desktop-align-left","22":"tablet-align-left","23":"mobile-align-left","24":"ast-product-gallery-layout-horizontal-slider","25":"ast-product-gallery-with-no-image","26":"ast-product-tabs-layout-horizontal","28":"first","29":"instock","30":"taxable","31":"shipping-taxable","32":"purchasable","33":"product-type-simple"},"_links":{"self":[{"href":"https:\/\/regionalesrenacer.com\/shop\/wp-json\/wp\/v2\/product\/749","targetHints":{"allow":["GET"]}}],"collection":[{"href":"https:\/\/regionalesrenacer.com\/shop\/wp-json\/wp\/v2\/product"}],"about":[{"href":"https:\/\/regionalesrenacer.com\/shop\/wp-json\/wp\/v2\/types\/product"}],"replies":[{"embeddable":true,"href":"https:\/\/regionalesrenacer.com\/shop\/wp-json\/wp\/v2\/comments?post=749"}],"wp:featuredmedia":[{"embeddable":true,"href":"https:\/\/regionalesrenacer.com\/shop\/wp-json\/wp\/v2\/media\/743"}],"wp:attachment":[{"href":"https:\/\/regionalesrenacer.com\/shop\/wp-json\/wp\/v2\/media?parent=749"}],"wp:term":[{"taxonomy":"product_brand","embeddable":true,"href":"https:\/\/regionalesrenacer.com\/shop\/wp-json\/wp\/v2\/product_brand?post=749"},{"taxonomy":"product_cat","embeddable":true,"href":"https:\/\/regionalesrenacer.com\/shop\/wp-json\/wp\/v2\/product_cat?post=749"},{"taxonomy":"product_tag","embeddable":true,"href":"https:\/\/regionalesrenacer.com\/shop\/wp-json\/wp\/v2\/product_tag?post=749"}],"curies":[{"name":"wp","href":"https:\/\/api.w.org\/{rel}","templated":true}]}}